6 - 2*u**2 - 51*u. Determine l(10).
6
Let i(m) = m**3 + m**2 - m - 1. Let w be i(0). Let p be (-40)/(-12) - w/(-3). Let r(o) = 15*o**3 + 1 - o - o**2 - 6*o**3 + o**p. What is r(1)?
9
Let y = 21 + -22. Let a = y - -5. Suppose -4*j - a = -2*j. Let n(m) = -m**3 - 2*m**2 + 3*m + 2. What is n(j)?
-4
Let q(v) be the second derivative of v**5/20 + 11*v**4/12 - 11*v**3/6 + 7*v**2/2 - v. Let h be (3*2 + 2)*(592/(-32) - -17). Determine q(h).
-5
Let x(n) = 2*n**2 + 274*n - 135*n - 139*n. Calculate x(1).
2
Let y(c) = 9*c + 2. Suppose 2*d = 7*l - 2*l - 4, -2*l = d + 20. Let b = 14 + d. Determine y(b).
20
Suppose -15*u = -13*u - 32. Let p(r) = -r**2 + 16*r + 3. What is p(u)?
3
Let f be (-1210)/(-77) + -4*(-1)/14. Let i be (-44)/f + 3 - (-5)/(-4). Let n(m) = -1 - 2*m + 3*m**2 + 2*m**2 - 4*m**2. Calculate n(i).
2
Let d(t) = t**3 + 5*t**2 + 3*t + 2. Suppose -3*i - 5*i + 32 = 0. Suppose 3*m - l - i = -5*l, -2*m - 16 = -2*l. What is d(m)?
6
Let g = -142 + 142. Let k(o) = o**3 + o**2 + 3. What is k(g)?
3
Let h(d) = 7*d**2 + 8*d - 5. Suppose -6 = -k - 1. Let v(p) = 10*p**2 + 12*p - 8. Let l(z) = k*v(z) - 7*h(z). Let w be (-27)/4 - 6/(-8). Determine l(w).
7
Let o(j) = -21*j + 1 - 59*j + 108*j. Calculate o(-1).
-27
Let x(y) = y + 1. Let v(u) = u**2 - u + 1. Let g(d) = d**3 + 3*d**2 + 2*d - 1. Let f be g(-2). Let r(b) = f*v(b) - 5*x(b). Determine r(-5).
-11
Let g(y) = -y**2 - 2*y + 4. Let l be -7 + (-1)/((-10)/70). Give g(l).
4
Let l(j) = j**2 - 3*j - 3. Suppose -5*r + 325 = 5*y - 0*y, r - 53 = 3*y. Let k = r - 65. Determine l(k).
15
Let d(k) = 283*k - 2550. Let v be d(9). Let f(y) be the first derivative of -2*y**3/3 - 3*y**2/2 + 2. Calculate f(v).
-9
Suppose 0 = t - 4*t - 5*n + 9, 4*n - 12 = -4*t. Let d(b) be the first derivative of 5 - 7/3*b**t + 0*b**2 - b. Determine d(1).
-8
Let p(s) = s. Let j(d) = 4*d - 6. Let z = 79 + -78. Let i(q) = z*j(q) - 5*p(q). Determine i(-6).
0
Let i(q) = 10*q - 7. Let u be i(2). Let t(r) = -16*r**2 - 2*r + 25*r**2 - u*r**2 - 2 - r**3. Determine t(-3).
-5
Let k(y) = -5*y**3 + 3. Let j(i) = -16*i**3 + i**2 + 10. Let p(h) = -2*j(h) + 7*k(h). Suppose 0 = -3*r + 9*m - 13*m - 13, -5*r - 2*m = 3. Give p(r).
-4
Let g(f) be the second derivative of -1/3*f**3 - 1/20*f**5 + 1/6*f**4 + 3/2*f**2 - f + 0. Suppose -82*a + 14 = -75*a. Give g(a).
-1
Let q(v) = -1 - 3*v - 2 + 0*v. Suppose -g - 8*g = 18. What is q(g)?
3
Suppose -22 = 5*m + 4*h, -3*m + h + 0*h = 3. Let o(t) = -3*t - 5. Let s(v) = -7*v - 11. Let z(n) = m*s(n) + 5*o(n). Give z(0).
-3
Suppose 4*o + 20 = -5*x - 5, o - 2*x + 3 = 0. Let b(u) = u**3 + 4*u**2 - 3*u + 5. Calculate b(o).
-5
Let o(n) be the first derivative of -n**6/120 + n**5/20 + 2*n**3/3 + 23*n**2 + 10. Let s(k) be the second derivative of o(k). Determine s(3).
4
Let k(o) = o**2 + 3*o - 5. Let l be -1*(6/1)/(-3). Suppose -y + 8 = l*p + 3*y, y = -p. Give k(p).
-1
Let h(j) be the third derivative of j**4/24 + 7*j**3/6 + 3*j**2. Let v be h(-11). Let g(s) = s**2 + s - 2. Let x(r) = r. Let t(m) = g(m) + 2*x(m). Give t(v).
2
Let h(v) = -v**3 - 11*v**2 - 16*v + 6. Suppose 3*u + 35 = 4*q, 10*q = -3*u + 9*q - 25. Determine h(u).
-12
Let v(u) = -u**3 + 0*u**2 - u - 9 - 7*u**2 + 0*u. Let r be (-3)/(5/(-5)) + 0. Suppose 0 = r*y - 9*y - 42. Give v(y).
-2
Let u(r) = 9*r**2 - 19*r - 35. Let o(k) = -5*k**2 + 10*k + 20. Let l(p) = -11*o(p) - 6*u(p). Give l(-6).
2
Let u(w) = 2*w**3 - 9*w**2 + 16*w + 4. Let l(n) = -5*n**3 + 28*n**2 - 47*n - 13. Let a(q) = 3*l(q) + 8*u(q). Calculate a(-13).
-7
Let s(g) be the third derivative of -g**4/24 + 2*g**2. Let d(q) = -q**2 + 13*q - 8. Let w be d(9). Suppose 27*z - w*z = 6. What is s(z)?
6
Let o(k) be the first derivative of 2 + 5*k - 1/3*k**3 - 7/2*k**2. Suppose 0 = 5*q + 16 + 19. Give o(q).
5
Let m(t) = t + 1. Let n(z) = -z**2 - 2*z + 2. Let l be n(-3). Let p(q) be the first derivative of q**2 + 6*q - 13. Let h(f) = l*p(f) + 3*m(f). What is h(0)?
-3
Let v(t) = -t**3 - 2*t**2 - t + 3. Suppose -3*g + 2*f + 30 = 40, 4*g = -4*f. Determine v(g).
5
Let f(c) = c**3 + 13*c**2 - 13. Suppose -12*w = -7*w + 65. Determine f(w).
-13
Let a = -15 + -15. Let l = a - -24. Let i(c) = -6*c - 10. Let h(d) = 11*d + 19. Let p(z) = 4*h(z) + 7*i(z). Give p(l).
-6
Let u(v) = 4*v**3 + 1. Suppose -37 = 3*c - 43, 20 = 5*p + 5*c. Give u(p).
33
Let s(u) be the third derivative of -u**6/120 - 2*u**5/15 - 3*u**4/8 - u**3/2 + 84*u**2. Determine s(-7).
11
Let l(w) be the third derivative of -w**5/60 - w**4/24 + w**3/2 + 3*w**2. Let d = -21 + 21. Suppose d = -5*u + 10 + 5. What is l(u)?
-9
Suppose f = -t + 5*f, 5*f = 5. Suppose -3*n + t = -0*q + q, -4*n - 35 = 5*q. Let l(v) = -v**2 - 12*v - 7. What is l(q)?
4
Let o(l) = 6*l**2 + 2*l + 7. Let f(r) be the second derivative of -r**4/12 - r**3/6 - r**2/2 + 12*r. Let g(d) = -4*f(d) - o(d). Give g(3).
-15
Suppose 16 = -2*z - 2*z, -2*z - 28 = -4*f. Let x(t) = -2 - 4*t + 3*t + 0*t. Determine x(f).
-7
Let d be (-27)/(-12) - (-1)/(-4). Let x be (3/(-2))/(d/(-4)). Let z(t) = t**3 - 3*t**2 - 2*t**3 + x + 2*t**3 - 4*t. Give z(4).
3
Let z be (-378)/21 - 2*-2. Let g(a) = -a**3 - 14*a**2 - a + 18. Determine g(z).
32
Let u(c) = -2*c**2 - 2. Let d = -257 + 260. Give u(d).
-20
Let l(t) be the second derivative of -t**3/6 + 11*t**2/2 + 4*t. Suppose 2*w - 2 = -0*w, 2 = 3*z + 2*w. Let i be -5*(z + (-1 - 0)). Determine l(i).
6
Let u(h) be the third derivative of -h**6/360 - h**5/60 - h**4/12 - 4*h**3 + 4*h**2. Let b(o) be the first derivative of u(o). What is b(3)?
-17
Let n = -27 - -28. Let p(k) be the third derivative of 0 - 1/6*k**3 - 1/3*k**4 + 2*k**2 + 0*k. What is p(n)?
-9
Suppose 5*a = 0, 4*u + 5*a + 4 = -4. Let k be 104 + 4*(-1)/u. Let m be k/(-22) - (-2)/(-11). Let f(g) = -g**3 - 4*g**2 + 8*g + 3. Give f(m).
-12
Let y be (-42)/(-8) - (-4)/(-16). Suppose 2*q + 1 = -y. Let x(a) be the second derivative of -a**5/20 - a**4/6 + a**3/3 + a. Calculate x(q).
3
Let t be 7/((-7)/(-16)) + -3. Let r = t - 9. Suppose -2*n + 12 = -r*n. Let g(j) = 2*j + 4. Calculate g(n).
-8
Let u(w) = -4*w - 41. Let g be u(-11). Let i(k) = 2*k**2 - k - 4. Determine i(g).
11
Suppose -8 = r - 4*v, 0*r + 2*v = -5*r + 26. Let z be (-1 - 2)/(r*1/8). Let l(a) = -a**3 - 7*a**2 - 8*a - 3. Calculate l(z).
9
Let k(f) be the third derivative of -23*f**4/24 + f**3/6 - 90*f**2 - 2. What is k(1)?
-22
Let a(s) = -3*s**2 + 8*s + 9. Let t(q) = 13 - 3*q - 4 + q**2 - 12. Let b(y) = -3*a(y) - 8*t(y). What is b(3)?
6
Let d(m) = -m**2 - 4*m. Let v = 7 - 9. Let f(n) = -2*n**2 - 4*n - 2. Let w be f(-2). Let i be (-6)/w + v + -5. What is d(i)?
0
Let y(s) = 2*s**2 - 16*s + 8. Let n be (-77)/11 + (-13)/(-1). What is y(n)?
-16
Let w(n) = n**2 - n - 98. Let g be w(-9). Let s(y) = y**3 + 8*y**2 - 3*y - 9. Determine s(g).
15
Suppose -k = -4 + 1, 13 = 2*q + k. Let z(m) be the third derivative of 7/6*m**3 + 1/60*m**5 + 2*m**2 + 0*m + 0 - 5/24*m**4. What is z(q)?
7
Let v(s) be the second derivative of 1/12*s**4 + 0 - 1/2*s**2 - s + 1/20*s**5 + 0*s**3. Suppose 4*y = 5*l - 6, 5*l + 2*y - 8 = 4*y. What is v(l)?
11
Let u(m) = 12*m - 12*m - m**2 - 2. Let o be u(2). Let l(g) = -2*g + 3. Determine l(o).
15
Let p be (-110)/(-14) + 1/7. Let m be 4/(-14) - (93/(-7) + p). Let n(h) = 2*h - 3. What is n(m)?
7
Suppose 0 = -2*b + 7*b. Let g(k) = 23*k - 7*k + k**2 + 8 - 17*k - 1. Determine g(b).
7
Let q = -2/149 - -161/894. Let g(c) be the third derivative of 0 + 0*c + q*c**3 + 4*c**2 - 1/10*c**5 + 0*c**4. Determine g(1).
-5
Let a(x) = 14*x - 487. Let f be a(33). Let l(w) = w**3 + 24*w**2 - 24*w + 26. Calculate l(f).
1
Let s(f) = f**3 - 2*f**2 + 3*f - 2. Let o be 4*4 + -3 + 3. Let a be (9/6)/(12/o). Suppose 0 = 5*w - 20, 0*p + 3*p = a*w - 2. What is s(p)?
4
Suppose 4*d + 5 = -z, -z - 4*z = 3*d - 9. Let i = z + 2. Let x = -10 + i. Let v(o) = -o**3 - 5*o**2 + o - 7. Calculate v(x).
-12
Let z = -5 - -5. Suppose 3*i + z = -2*p - 2, -2 = 2*p + 4*i. Let f(b) = -10*b**2 + b + 1. Calculate f(p).
-10
Let q(y) be the third derivative of y**5/60 - y**4/8 + 430*y**2. Give q(4).
4
Suppose 0 = -233*k + 237*k - 32. Let g(p) = -p + 11. Determine g(k).
3
Let v(q) = -q**2 + 5*q + 8. Suppose -4*p - 32 = -8*p. Let g(b) = b - 5. Let l be g(p). Suppose -3*a + 2*d + 10 = -1, -l*a + 31 = 2*d. Calculate v(a).
-6
Suppose 450*d + 4 = 448*d. Suppose -2*c + 4 = -4. Let w be (35/(-14))/(d/c). Let h(r) = 3*r